{"id":24,"date":"2016-04-21T22:14:37","date_gmt":"2016-04-21T22:14:37","guid":{"rendered":"https:\/\/cacrps.pt\/?page_id=24"},"modified":"2016-04-21T22:14:37","modified_gmt":"2016-04-21T22:14:37","slug":"creche","status":"publish","type":"page","link":"https:\/\/cacrps.pt\/index.php\/creche\/","title":{"rendered":"Creche"},"content":{"rendered":"<p>A creche consiste numa resposta social vocacionada para o apoio \u00e0 fam\u00edlia e \u00e0 crian\u00e7a, destinando-se a acolher crian\u00e7as dos 4 meses aos 3 anos de idade, durante o per\u00edodo correspondente ao impedimento dos pais ou de quem exer\u00e7a as responsabilidades parentais.<\/p>\n<p>Os objetivos desta resposta social consistem em:<\/p>\n<p>&#8211; Facilitar a concilia\u00e7\u00e3o da vida familiar e profissional do agregado familiar;<\/p>\n<p>&#8211; Colaborar com a fam\u00edlia numa partilha de cuidados e responsabilidades em todo o processo evolutivo da crian\u00e7a;<\/p>\n<p>&#8211; Assegurar um atendimento individual e personalizado em fun\u00e7\u00e3o das necessidades espec\u00edficas de cada crian\u00e7a;<\/p>\n<p>&#8211; Prevenir e despistar precocemente qualquer inadapta\u00e7\u00e3o, defici\u00eancia ou situa\u00e7\u00e3o de risco, assegurando o encaminhamento mais adequado;<\/p>\n<p>&#8211; Proporcionar condi\u00e7\u00f5es para o desenvolvimento integral da crian\u00e7a, num ambiente de seguran\u00e7a f\u00edsica e afetiva;<\/p>\n<p>&#8211; Promover a articula\u00e7\u00e3o com outros servi\u00e7os existentes na comunidade.<\/p>\n<p><strong>\u00a0<\/strong><\/p>\n<p><strong>Servi\u00e7os prestados:<\/strong><\/p>\n<p><strong>\u00a0<\/strong><\/p>\n<p>. Transporte entre domic\u00edlio \/ institui\u00e7\u00e3o;<\/p>\n<p>. Cuidados adequados \u00e0 satisfa\u00e7\u00e3o das necessidades da crian\u00e7a;<\/p>\n<p>. Nutri\u00e7\u00e3o e alimenta\u00e7\u00e3o adequada \u00e0 crian\u00e7a;<\/p>\n<p>. Cuidados de higiene pessoal;<\/p>\n<p>. Atendimento individualizado, de acordo com as capacidades e compet\u00eancias das crian\u00e7as;<\/p>\n<p>. Atividades pedag\u00f3gicas, l\u00fadicas e de motricidade, em fun\u00e7\u00e3o da idade e necessidades espec\u00edficas das crian\u00e7as;<\/p>\n<p>. Disponibiliza\u00e7\u00e3o de informa\u00e7\u00e3o \u00e0 fam\u00edlia, sobre o funcionamento da creche e desenvolvimento da crian\u00e7a.<\/p>\n<p>&nbsp;<\/p>\n<p><strong>Atividades:<\/strong><\/p>\n<p>Ao longo do ano s\u00e3o realizadas v\u00e1rias atividades como: nata\u00e7\u00e3o, comemora\u00e7\u00e3o de datas festivas, passeios e visitas de estudo. Durante as f\u00e9rias da P\u00e1scoa e de Ver\u00e3o podem usufruir do plano de atividades das F\u00e9rias em Movimento.<\/p>\n<p><strong>\u00a0<\/strong><\/p>\n<p><strong>Hor\u00e1rio de funcionamento:<\/strong> De 2\u00aa a 6\u00aa feira das 7:30h \u00e0s 18:00h.<\/p>\n<p><strong>Educadora de inf\u00e2ncia: <\/strong>Celina Marques<\/p>\n","protected":false},"excerpt":{"rendered":"<p>A creche consiste numa resposta social vocacionada para o apoio \u00e0 fam\u00edlia e \u00e0 crian\u00e7a, destinando-se a acolher crian\u00e7as dos [&hellip;]<\/p>\n","protected":false},"author":1,"featured_media":0,"parent":0,"menu_order":0,"comment_status":"closed","ping_status":"closed","template":"","meta":[],"_links":{"self":[{"href":"https:\/\/cacrps.pt\/index.php\/wp-json\/wp\/v2\/pages\/24"}],"collection":[{"href":"https:\/\/cacrps.pt\/index.php\/wp-json\/wp\/v2\/pages"}],"about":[{"href":"https:\/\/cacrps.pt\/index.php\/wp-json\/wp\/v2\/types\/page"}],"author":[{"embeddable":true,"href":"https:\/\/cacrps.pt\/index.php\/wp-json\/wp\/v2\/users\/1"}],"replies":[{"embeddable":true,"href":"https:\/\/cacrps.pt\/index.php\/wp-json\/wp\/v2\/comments?post=24"}],"version-history":[{"count":1,"href":"https:\/\/cacrps.pt\/index.php\/wp-json\/wp\/v2\/pages\/24\/revisions"}],"predecessor-version":[{"id":25,"href":"https:\/\/cacrps.pt\/index.php\/wp-json\/wp\/v2\/pages\/24\/revisions\/25"}],"wp:attachment":[{"href":"https:\/\/cacrps.pt\/index.php\/wp-json\/wp\/v2\/media?parent=24"}],"curies":[{"name":"wp","href":"https:\/\/api.w.org\/{rel}","templated":true}]}}

<p>A creche consiste numa resposta social vocacionada para o apoio à família e à criança, destinando-se a acolher crianças dos 4 meses aos 3 anos de idade, durante o período correspondente ao impedimento dos pais ou de quem exerça as responsabilidades parentais.</p>
<p>Os objetivos desta resposta social consistem em:</p>
<p>&#8211; Facilitar a conciliação da vida familiar e profissional do agregado familiar;</p>
<p>&#8211; Colaborar com a família numa partilha de cuidados e responsabilidades em todo o processo evolutivo da criança;</p>
<p>&#8211; Assegurar um atendimento individual e personalizado em função das necessidades específicas de cada criança;</p>
<p>&#8211; Prevenir e despistar precocemente qualquer inadaptação, deficiência ou situação de risco, assegurando o encaminhamento mais adequado;</p>
<p>&#8211; Proporcionar condições para o desenvolvimento integral da criança, num ambiente de segurança física e afetiva;</p>
<p>&#8211; Promover a articulação com outros serviços existentes na comunidade.</p>
<p><strong> </strong></p>
<p><strong>Serviços prestados:</strong></p>
<p><strong> </strong></p>
<p>. Transporte entre domicílio / instituição;</p>
<p>. Cuidados adequados à satisfação das necessidades da criança;</p>
<p>. Nutrição e alimentação adequada à criança;</p>
<p>. Cuidados de higiene pessoal;</p>
<p>. Atendimento individualizado, de acordo com as capacidades e competências das crianças;</p>
<p>. Atividades pedagógicas, lúdicas e de motricidade, em função da idade e necessidades específicas das crianças;</p>
<p>. Disponibilização de informação à família, sobre o funcionamento da creche e desenvolvimento da criança.</p>
<p>&nbsp;</p>
<p><strong>Atividades:</strong></p>
<p>Ao longo do ano são realizadas várias atividades como: natação, comemoração de datas festivas, passeios e visitas de estudo. Durante as férias da Páscoa e de Verão podem usufruir do plano de atividades das Férias em Movimento.</p>
<p><strong> </strong></p>
<p><strong>Horário de funcionamento:</strong> De 2ª a 6ª feira das 7:30h às 18:00h.</p>
<p><strong>Educadora de infância: </strong>Celina Marques</p>

<p>A creche consiste numa resposta social vocacionada para o apoio à família e à criança, destinando-se a acolher crianças dos [&hellip;]</p>
