{"id":20,"date":"2016-04-21T22:12:50","date_gmt":"2016-04-21T22:12:50","guid":{"rendered":"https:\/\/cacrps.pt\/?page_id=20"},"modified":"2016-04-21T22:12:50","modified_gmt":"2016-04-21T22:12:50","slug":"principios","status":"publish","type":"page","link":"https:\/\/cacrps.pt\/index.php\/principios\/","title":{"rendered":"Princ\u00edpios"},"content":{"rendered":"<p>Princ\u00edpios a ter em considera\u00e7\u00e3o na planifica\u00e7\u00e3o e estrutura\u00e7\u00e3o do plano de atividades socioculturais:<\/p>\n<p><strong>\u00a0\u00a0\u00a0\u00a0\u00a0\u00a0\u00a0\u00a0\u00a0\u00a0\u00a0\u00a0\u00a0\u00a0\u00a0\u00a0\u00a0\u00a0\u00a0\u00a0\u00a0\u00a0\u00a0\u00a0\u00a0\u00a0\u00a0\u00a0 \u00a0 <\/strong><em>. <\/em>Promover a autonomia e a qualidade de vida;<\/p>\n<p><em>\u00a0\u00a0\u00a0\u00a0\u00a0\u00a0\u00a0\u00a0\u00a0\u00a0\u00a0\u00a0\u00a0\u00a0\u00a0\u00a0\u00a0\u00a0\u00a0\u00a0\u00a0\u00a0\u00a0\u00a0\u00a0\u00a0\u00a0\u00a0\u00a0\u00a0\u00a0\u00a0\u00a0\u00a0\u00a0 \u00a0 . <\/em>Respeitar o utente quanto a sua individualidade, capacidades, potencialidades, h\u00e1bitos e interesses;<\/p>\n<p><em>\u00a0\u00a0\u00a0\u00a0\u00a0\u00a0\u00a0\u00a0\u00a0\u00a0\u00a0\u00a0\u00a0\u00a0\u00a0\u00a0\u00a0\u00a0\u00a0\u00a0\u00a0\u00a0\u00a0\u00a0\u00a0\u00a0\u00a0\u00a0\u00a0\u00a0\u00a0\u00a0\u00a0\u00a0\u00a0 \u00a0\u00a0 . <\/em>Promover a participa\u00e7\u00e3o ativa;<\/p>\n<p><em>\u00a0\u00a0\u00a0\u00a0\u00a0\u00a0\u00a0\u00a0\u00a0\u00a0\u00a0\u00a0\u00a0\u00a0\u00a0\u00a0\u00a0\u00a0\u00a0\u00a0\u00a0\u00a0\u00a0\u00a0\u00a0\u00a0\u00a0\u00a0\u00a0\u00a0\u00a0\u00a0\u00a0\u00a0\u00a0\u00a0 . <\/em>Promover a comunica\u00e7\u00e3o, conviv\u00eancia e ocupa\u00e7\u00e3o do tempo;<\/p>\n<p><em>\u00a0\u00a0\u00a0\u00a0\u00a0\u00a0\u00a0\u00a0\u00a0\u00a0\u00a0\u00a0\u00a0\u00a0\u00a0\u00a0\u00a0\u00a0\u00a0\u00a0\u00a0\u00a0\u00a0\u00a0\u00a0\u00a0\u00a0\u00a0\u00a0\u00a0\u00a0\u00a0\u00a0\u00a0\u00a0\u00a0 . <\/em>Promover a integeracionalidade com os utentes das respostas sociais da institui\u00e7\u00e3o: Creche e CATL;<\/p>\n<p><em>\u00a0\u00a0\u00a0\u00a0\u00a0\u00a0\u00a0\u00a0\u00a0\u00a0\u00a0\u00a0\u00a0\u00a0\u00a0\u00a0\u00a0\u00a0\u00a0\u00a0\u00a0\u00a0\u00a0\u00a0\u00a0\u00a0\u00a0\u00a0\u00a0\u00a0\u00a0\u00a0\u00a0\u00a0\u00a0\u00a0 . <\/em>Ter em linha de conta que a ocupa\u00e7\u00e3o quotidiana dos utentes depende do seu projeto de vida, h\u00e1bitos e viv\u00eancias, assim como dos est\u00edmulos e motiva\u00e7\u00f5es oferecidas pelo SAD.<\/p>\n","protected":false},"excerpt":{"rendered":"<p>Princ\u00edpios a ter em considera\u00e7\u00e3o na planifica\u00e7\u00e3o e estrutura\u00e7\u00e3o do plano de atividades socioculturais: \u00a0\u00a0\u00a0\u00a0\u00a0\u00a0\u00a0\u00a0\u00a0\u00a0\u00a0\u00a0\u00a0\u00a0\u00a0\u00a0\u00a0\u00a0\u00a0\u00a0\u00a0\u00a0\u00a0\u00a0\u00a0\u00a0\u00a0\u00a0 \u00a0 . Promover a autonomia [&hellip;]<\/p>\n","protected":false},"author":1,"featured_media":0,"parent":0,"menu_order":0,"comment_status":"closed","ping_status":"closed","template":"","meta":[],"_links":{"self":[{"href":"https:\/\/cacrps.pt\/index.php\/wp-json\/wp\/v2\/pages\/20"}],"collection":[{"href":"https:\/\/cacrps.pt\/index.php\/wp-json\/wp\/v2\/pages"}],"about":[{"href":"https:\/\/cacrps.pt\/index.php\/wp-json\/wp\/v2\/types\/page"}],"author":[{"embeddable":true,"href":"https:\/\/cacrps.pt\/index.php\/wp-json\/wp\/v2\/users\/1"}],"replies":[{"embeddable":true,"href":"https:\/\/cacrps.pt\/index.php\/wp-json\/wp\/v2\/comments?post=20"}],"version-history":[{"count":1,"href":"https:\/\/cacrps.pt\/index.php\/wp-json\/wp\/v2\/pages\/20\/revisions"}],"predecessor-version":[{"id":21,"href":"https:\/\/cacrps.pt\/index.php\/wp-json\/wp\/v2\/pages\/20\/revisions\/21"}],"wp:attachment":[{"href":"https:\/\/cacrps.pt\/index.php\/wp-json\/wp\/v2\/media?parent=20"}],"curies":[{"name":"wp","href":"https:\/\/api.w.org\/{rel}","templated":true}]}}

Princípios

<p>Princípios a ter em consideração na planificação e estruturação do plano de atividades socioculturais:</p>
<p><strong>                               </strong><em>. </em>Promover a autonomia e a qualidade de vida;</p>
<p><em>                                      . </em>Respeitar o utente quanto a sua individualidade, capacidades, potencialidades, hábitos e interesses;</p>
<p><em>                                       . </em>Promover a participação ativa;</p>
<p><em>                                     . </em>Promover a comunicação, convivência e ocupação do tempo;</p>
<p><em>                                     . </em>Promover a integeracionalidade com os utentes das respostas sociais da instituição: Creche e CATL;</p>
<p><em>                                     . </em>Ter em linha de conta que a ocupação quotidiana dos utentes depende do seu projeto de vida, hábitos e vivências, assim como dos estímulos e motivações oferecidas pelo SAD.</p>

<p>Princípios a ter em consideração na planificação e estruturação do plano de atividades socioculturais:                                . Promover a autonomia [&hellip;]</p>
