{"id":18,"date":"2016-04-21T22:12:17","date_gmt":"2016-04-21T22:12:17","guid":{"rendered":"https:\/\/cacrps.pt\/?page_id=18"},"modified":"2016-04-21T22:12:17","modified_gmt":"2016-04-21T22:12:17","slug":"missao-visao-e-valores","status":"publish","type":"page","link":"https:\/\/cacrps.pt\/index.php\/missao-visao-e-valores\/","title":{"rendered":"Miss\u00e3o, Vis\u00e3o e Valores"},"content":{"rendered":"<p><strong>Miss\u00e3o <\/strong><\/p>\n<p>&nbsp;<\/p>\n<p>O CACR desenvolve a sua interven\u00e7\u00e3o na \u00e1rea social, atrav\u00e9s de respostas e de servi\u00e7os de apoio a idosos e crian\u00e7as, nas suas respostas sociais: servi\u00e7o de apoio domicili\u00e1rio, creche e centro de atividades de tempos livres. Promovendo o bem-estar e a qualidade de vida dos seus utentes.<\/p>\n<p><strong>\u00a0<\/strong><\/p>\n<p><strong>Vis\u00e3o<\/strong><\/p>\n<p>Ser uma institui\u00e7\u00e3o de reconhecimento e de refer\u00eancia pela excel\u00eancia dos cuidados e apoios prestados ao n\u00edvel da inf\u00e2ncia, juventude e idosos. Tendo impacto positivo na comunidade.<\/p>\n<p>&nbsp;<\/p>\n<p><strong>Valores <\/strong><\/p>\n<p>No desenvolvimento da sua atividade, o CACR e os seus colaboradores seguem os seguintes valores:<\/p>\n<p><em>. Qualidade:<\/em> excel\u00eancia de cuidados, garantindo as melhores pr\u00e1ticas e compet\u00eancias;<\/p>\n<p><em>\u00a0\u00a0\u00a0\u00a0\u00a0\u00a0\u00a0\u00a0\u00a0\u00a0\u00a0\u00a0\u00a0\u00a0\u00a0\u00a0\u00a0\u00a0\u00a0\u00a0\u00a0\u00a0\u00a0\u00a0\u00a0\u00a0 . Humanismo:<\/em> Respeito pelos utentes e sua dignidade, procurando ir de encontro \u00e0s suas necessidades individuais;<\/p>\n<p><em>. Disponibilidade:<\/em> A fim de prestar cuidados e apoios com devo\u00e7\u00e3o e pr\u00f3-atividade.<\/p>\n<p><em>. Responsabilidade: <\/em>Nos apoios prestados procuramos assegurar a satisfa\u00e7\u00e3o pessoal e profissional dos colaboradores e dos utentes.<\/p>\n<p><em>. Profissionalismo:<\/em> Adotamos um modelo de interven\u00e7\u00e3o sustentado na \u00e9tica, no respeito e na confidencialidade. A nossa atua\u00e7\u00e3o rege-se pelo cumprimento das responsabilidades, com rigor e dedica\u00e7\u00e3o e de acordo com os normativos da Institui\u00e7\u00e3o.<\/p>\n","protected":false},"excerpt":{"rendered":"<p>Miss\u00e3o &nbsp; O CACR desenvolve a sua interven\u00e7\u00e3o na \u00e1rea social, atrav\u00e9s de respostas e de servi\u00e7os de apoio a [&hellip;]<\/p>\n","protected":false},"author":1,"featured_media":0,"parent":0,"menu_order":0,"comment_status":"closed","ping_status":"closed","template":"","meta":[],"_links":{"self":[{"href":"https:\/\/cacrps.pt\/index.php\/wp-json\/wp\/v2\/pages\/18"}],"collection":[{"href":"https:\/\/cacrps.pt\/index.php\/wp-json\/wp\/v2\/pages"}],"about":[{"href":"https:\/\/cacrps.pt\/index.php\/wp-json\/wp\/v2\/types\/page"}],"author":[{"embeddable":true,"href":"https:\/\/cacrps.pt\/index.php\/wp-json\/wp\/v2\/users\/1"}],"replies":[{"embeddable":true,"href":"https:\/\/cacrps.pt\/index.php\/wp-json\/wp\/v2\/comments?post=18"}],"version-history":[{"count":1,"href":"https:\/\/cacrps.pt\/index.php\/wp-json\/wp\/v2\/pages\/18\/revisions"}],"predecessor-version":[{"id":19,"href":"https:\/\/cacrps.pt\/index.php\/wp-json\/wp\/v2\/pages\/18\/revisions\/19"}],"wp:attachment":[{"href":"https:\/\/cacrps.pt\/index.php\/wp-json\/wp\/v2\/media?parent=18"}],"curies":[{"name":"wp","href":"https:\/\/api.w.org\/{rel}","templated":true}]}}